s divided by 17?
16
Calculate the remainder when 176186 is divided by 287.
255
What is the remainder when 36516230 is divided by 144?
134
What is the remainder when 337903 is divided by 48270?
13
Calculate the remainder when 178977 is divided by 5766.
231
Calculate the remainder when 31670558 is divided by 13.
10
Calculate the remainder when 52363 is divided by 51583.
780
Calculate the remainder when 4159890 is divided by 3834.
0
Calculate the remainder when 79085 is divided by 415.
235
Calculate the remainder when 36159 is divided by 786.
3
Calculate the remainder when 232905 is divided by 1830.
495
Calculate the remainder when 1651214 is divided by 201.
200
Calculate the remainder when 245778 is divided by 6444.
906
What is the remainder when 3345841 is divided by 25156?
93
Calculate the remainder when 860729 is divided by 21493.
1009
Calculate the remainder when 5715262 is divided by 37112.
14
What is the remainder when 2804282 is divided by 560854?
12
What is the remainder when 73174498 is divided by 2286703?
2
What is the remainder when 5160864 is divided by 67906?
8
What is the remainder when 7815756 is divided by 339810?
126
Calculate the remainder when 23050 is divided by 980.
510
Calculate the remainder when 441528 is divided by 147030.
438
What is the remainder when 8073573 is divided by 2018382?
45
Calculate the remainder when 64940 is divided by 12949.
195
Calculate the remainder when 1314392 is divided by 1240.
1232
Calculate the remainder when 1117924 is divided by 1076.
1036
What is the remainder when 934072 is divided by 62269?
37
What is the remainder when 99367 is divided by 8644?
4283
What is the remainder when 28098791 is divided by 383?
379
Calculate the remainder when 23119982 is divided by 2544.
110
Calculate the remainder when 317231 is divided by 339.
266
Calculate the remainder when 3958571 is divided by 368.
363
Calculate the remainder when 1677177916 is divided by 247.
245
Calculate the remainder when 83044 is divided by 1551.
841
Calculate the remainder when 265154 is divided by 401.
93
Calculate the remainder when 3777411 is divided by 170.
11
Calculate the remainder when 4947856 is divided by 1272.
1048
What is the remainder when 5497437 is divided by 260?
257
Calculate the remainder when 8611224 is divided by 52.
24
What is the remainder when 1480020 is divided by 364?
360
Calculate the remainder when 21410119 is divided by 20.
19
Calculate the remainder when 722096 is divided by 964.
60
What is the remainder when 359722 is divided by 87?
64
Calculate the remainder when 235491735 is divided by 13.
11
Calculate the remainder when 3475385 is divided by 54.
53
Calculate the remainder when 54828 is divided by 1726.
1322
Calculate the remainder when 150409202 is divided by 109.
102
Calculate the remainder when 3794039 is divided by 77.
18
What is the remainder when 1264944 is divided by 52689?
408
Calculate the remainder when 6621406 is divided by 664.
662
What is the remainder when 70403 is divided by 726?
707
What is the remainder when 182577 is divided by 1099?
143
Calculate the remainder when 58103446 is divided by 37754.
40
What is the remainder when 42399 is divided by 10014?
2343
What is the remainder when 124596 is divided by 124345?
251
What is the remainder when 977100 is divided by 4176?
4092
Calculate the remainder when 1042144 is divided by 398.
180
What is the remainder when 69694 is divided by 34759?
176
What is the remainder when 245660410 is divided by 332?
330
Calculate the remainder when 16615 is divided by 88.
71
Calculate the remainder when 131781 is divided by 13010.
1681
Calculate the remainder when 2592317 is divided by 173.
85
What is the remainder when 16669492 is divided by 9?
7
Calculate the remainder when 296874 is divided by 2232.
18
Calculate the remainder when 428667 is divided by 214325.
17
Calculate the remainder when 3908798 is divided by 15.
8
Calculate the remainder when 160433249 is divided by 821.
818
Calculate the remainder when 4617304 is divided by 2308652.
0
Calculate the remainder when 48651885 is divided by 7590.
7575
What is the remainder when 109717801 is divided by 13?
11
What is the remainder when 861297 is divided by 23?
16
What is the remainder when 30455913 is divided by 3586?
15
Calculate the remainder when 634678 is divided by 18.
16
Calculate the remainder when 18132785 is divided by 292463.
79
Calculate the remainder when 131232 is divided by 65402.
428
What is the remainder when 770958 is divided by 107?
23
Calculate the remainder when 2043705 is divided by 89.
87
What is the remainder when 232688875 is divided by 19?
17
What is the remainder when 5207205 is divided by 356?
349
What is the remainder when 283356 is divided by 140764?
1828
Calculate the remainder when 108707 is divided by 36074.
485
Calculate the remainder when 435547953 is divided by 3434.
3431
Calculate the remainder when 534327 is divided by 10678.
427
What is the remainder when 989298 is divided by 44?
2
What is the remainder when 43897 is divided by 2792?
2017
What is the remainder when 254780 is divided by 70?
50
Calculate the remainder when 4068664 is divided by 4546.
4540
Calculate the remainder when 7743346 is divided by 553096.
2
Calculate the remainder when 212083694 is divided by 18.
8
What is the remainder when 31876 is divided by 15894?
88
What is the remainder when 22471497 is divided by 284449?
26
What is the remainder when 17853 is divided by 445?
53
Calculate the remainder when 27335251 is divided by 80162.
9
What is the remainder when 4352620 is divided by 637?
636
What is the remainder when 863343 is divided by 20531?
1041
Calculate the remainder when 2684034 is divided by 894630.
144
Calculate the remainder when 2141438 is divided by 462.
68
Calculate the remainder when 4905176 is divided by 1307.
5
Calculate the remainder when 7501668 is divided by 3473.
3461
Calculate the remainder when 48398 is divided by 11349.
3002
Calculate the remainder when 332234 is divided by 1667.
501
Calculate the remainder when 20519 is divided by 20338.
181
What is the remainder when 997229 is divided by 90656?
13
Calculate the remainder when 633101468 is divided by 17.
14
What is the remainder when 2408122 is divided by 28?
10
What is the remainder when 194128 is divided by 5240?
248
Calculate the remainder when 7448332 is divided by 16192.
12
Calculate the remainder when 53000478 is divided by 963645.
3
Calculate the remainder when 236851 is divided by 1704.
1699
Calculate the remainder when 7318309 is divided by 1463647.
74
What is the remainder when 155582 is divided by 11112?
14
Calculate the remainder when 248401 is divided by 49622.
291
Calculate the remainder when 1503434 is divided by 1121.
173
Calculate the remainder when 13094 is divided by 1491.
1166
Calculate the remainder when 325298 is divided by 9353.
7296
Calculate the remainder when 121358 is divided by 1046.
22
Calculate the remainder when 210442 is divided by 23353.
265
What is the remainder when 1308896 is divided by 295?
276
Calculate the remainder when 309580924 is divided by 29.
8
What is the remainder when 560258 is divided by 179?
167
Calculate the remainder when 297594 is divided by 4273.
2757
Calculate the remainder when 1767082 is divided by 70682.
32
What is the remainder when 6518359 is divided by 1831?
1830
Calculate the remainder when 10030362 is divided by 149.
129
Calculate the remainder when 1306305 is divided by 697.
127
What is the remainder when 60020 is divided by 29859?
302
What is the remainder when 15904347 is divided by 11?
8
Calculate the remainder when 108780870 is divided by 566567.
6
What is the remainder when 40661880 is divided by 20330931?
18
Calculate the remainder when 621372 is divided by 1422.
1380
What is the remainder when 126951096 is divided by 25?
21
What is the remainder when 16772996 is divided by 121?
97
Calculate the remainder when 710854 is divided by 142159.
59
Calculate the remainder when 46959571 is divided by 13.
9
Calculate the remainder when 1217912 is divided by 378.
374
Calculate the remainder when 11149022 is divided by 8079.
2
Calculate the remainder when 67484713 is divided by 30.
13
What is the remainder when 46284074 is divided by 173?
0
Calculate the remainder wh